









{"id":11970,"date":"2023-12-13T20:01:27","date_gmt":"2023-12-13T18:01:27","guid":{"rendered":"https:\/\/skiclubpaysrochois.com\/blog\/?post_type=product&#038;p=11970"},"modified":"2025-11-29T17:24:23","modified_gmt":"2025-11-29T15:24:23","slug":"seche-chaussures","status":"publish","type":"product","link":"https:\/\/skiclubpaysrochois.com\/blog\/produit\/seche-chaussures\/","title":{"rendered":"S\u00e8che chaussures"},"content":{"rendered":"<p>S\u00e8che chaussures<\/p>\n<p>Mod\u00e8le : THERM-IC DRYER ou autre marque selon disponibilit\u00e9<\/p>\n<p>Ce s\u00e8che chaussures vous permet de s\u00e9cher en quelques heures vos chaussures de ski ou de sport compl\u00e8tement tremp\u00e9s en soufflant de l&rsquo;air ti\u00e8de, sans ab\u00eemer la structure des chaussures.<\/p>\n","protected":false},"excerpt":{"rendered":"<p>S\u00e8che-chaussures<\/p>\n","protected":false},"featured_media":11971,"template":"","meta":[],"product_brand":[],"product_cat":[102],"product_tag":[],"class_list":{"0":"post-11970","1":"product","2":"type-product","3":"status-publish","4":"has-post-thumbnail","6":"product_cat-fart-accessoires","8":"first","9":"instock","10":"shipping-taxable","11":"purchasable","12":"product-type-simple"},"_links":{"self":[{"href":"https:\/\/skiclubpaysrochois.com\/blog\/wp-json\/wp\/v2\/product\/11970","targetHints":{"allow":["GET"]}}],"collection":[{"href":"https:\/\/skiclubpaysrochois.com\/blog\/wp-json\/wp\/v2\/product"}],"about":[{"href":"https:\/\/skiclubpaysrochois.com\/blog\/wp-json\/wp\/v2\/types\/product"}],"wp:featuredmedia":[{"embeddable":true,"href":"https:\/\/skiclubpaysrochois.com\/blog\/wp-json\/wp\/v2\/media\/11971"}],"wp:attachment":[{"href":"https:\/\/skiclubpaysrochois.com\/blog\/wp-json\/wp\/v2\/media?parent=11970"}],"wp:term":[{"taxonomy":"product_brand","embeddable":true,"href":"https:\/\/skiclubpaysrochois.com\/blog\/wp-json\/wp\/v2\/product_brand?post=11970"},{"taxonomy":"product_cat","embeddable":true,"href":"https:\/\/skiclubpaysrochois.com\/blog\/wp-json\/wp\/v2\/product_cat?post=11970"},{"taxonomy":"product_tag","embeddable":true,"href":"https:\/\/skiclubpaysrochois.com\/blog\/wp-json\/wp\/v2\/product_tag?post=11970"}],"curies":[{"name":"wp","href":"https:\/\/api.w.org\/{rel}","templated":true}]}}