









{"id":11774,"date":"2023-11-08T00:39:00","date_gmt":"2023-11-07T22:39:00","guid":{"rendered":"https:\/\/skiclubpaysrochois.com\/blog\/?post_type=product&#038;p=11774"},"modified":"2025-11-04T19:17:28","modified_gmt":"2025-11-04T17:17:28","slug":"brosse-rotative-nylon","status":"publish","type":"product","link":"https:\/\/skiclubpaysrochois.com\/blog\/produit\/brosse-rotative-nylon\/","title":{"rendered":"Brosse rotative nylon"},"content":{"rendered":"<p>Brosse rotative 100mm nylon dur (autres mati\u00e8res sur demande)<\/p>\n<p>Poign\u00e9e-manche vendus s\u00e9par\u00e9ment<\/p>\n<p>Mod\u00e8le : Rode ou autre marque selon disponibilit\u00e9<\/p>\n","protected":false},"excerpt":{"rendered":"<p>Brosse rotative nylon<\/p>\n","protected":false},"featured_media":11775,"template":"","meta":[],"product_brand":[],"product_cat":[105],"product_tag":[],"class_list":{"0":"post-11774","1":"product","2":"type-product","3":"status-publish","4":"has-post-thumbnail","6":"product_cat-outils-avances","8":"first","9":"instock","10":"shipping-taxable","11":"purchasable","12":"product-type-simple"},"_links":{"self":[{"href":"https:\/\/skiclubpaysrochois.com\/blog\/wp-json\/wp\/v2\/product\/11774","targetHints":{"allow":["GET"]}}],"collection":[{"href":"https:\/\/skiclubpaysrochois.com\/blog\/wp-json\/wp\/v2\/product"}],"about":[{"href":"https:\/\/skiclubpaysrochois.com\/blog\/wp-json\/wp\/v2\/types\/product"}],"wp:featuredmedia":[{"embeddable":true,"href":"https:\/\/skiclubpaysrochois.com\/blog\/wp-json\/wp\/v2\/media\/11775"}],"wp:attachment":[{"href":"https:\/\/skiclubpaysrochois.com\/blog\/wp-json\/wp\/v2\/media?parent=11774"}],"wp:term":[{"taxonomy":"product_brand","embeddable":true,"href":"https:\/\/skiclubpaysrochois.com\/blog\/wp-json\/wp\/v2\/product_brand?post=11774"},{"taxonomy":"product_cat","embeddable":true,"href":"https:\/\/skiclubpaysrochois.com\/blog\/wp-json\/wp\/v2\/product_cat?post=11774"},{"taxonomy":"product_tag","embeddable":true,"href":"https:\/\/skiclubpaysrochois.com\/blog\/wp-json\/wp\/v2\/product_tag?post=11774"}],"curies":[{"name":"wp","href":"https:\/\/api.w.org\/{rel}","templated":true}]}}