









{"id":10966,"date":"2023-06-07T11:19:13","date_gmt":"2023-06-07T09:19:13","guid":{"rendered":"https:\/\/skiclubpaysrochois.com\/blog\/?post_type=product&#038;p=10966"},"modified":"2024-06-14T16:37:01","modified_gmt":"2024-06-14T14:37:01","slug":"debardeur-craft","status":"publish","type":"product","link":"https:\/\/skiclubpaysrochois.com\/blog\/produit\/debardeur-craft\/","title":{"rendered":"D\u00e9bardeur Craft"},"content":{"rendered":"<p>D\u00e9bardeur Craft avec inscription Ski-Club Pays Rochois, disponible en coupe femme, homme et enfant.<\/p>\n<p>D\u00e9bardeur l\u00e9ger fabriqu\u00e9 dans une mati\u00e8re fonctionnelle, qui offre une \u00e9vacuation de l\u2019humidit\u00e9 et un rafra\u00eechissement efficaces. Muni d\u2019un dos nageur et d\u2019\u00e9l\u00e9ments gaufr\u00e9s.<\/p>\n<p>&nbsp;<\/p>\n<p>En option : marquage des initiales (3\u20ac) &#8211; marquage du pr\u00e9nom (5\u20ac)<\/p>\n","protected":false},"excerpt":{"rendered":"<p>D\u00e9bardeur Craft<\/p>\n","protected":false},"featured_media":11011,"template":"","meta":[],"product_brand":[],"product_cat":[52,51],"product_tag":[93],"class_list":{"0":"post-10966","1":"product","2":"type-product","3":"status-publish","4":"has-post-thumbnail","6":"product_cat-t-shirt","7":"product_cat-vetements","8":"product_tag-craft","10":"first","11":"instock","12":"shipping-taxable","13":"purchasable","14":"product-type-variable"},"_links":{"self":[{"href":"https:\/\/skiclubpaysrochois.com\/blog\/wp-json\/wp\/v2\/product\/10966","targetHints":{"allow":["GET"]}}],"collection":[{"href":"https:\/\/skiclubpaysrochois.com\/blog\/wp-json\/wp\/v2\/product"}],"about":[{"href":"https:\/\/skiclubpaysrochois.com\/blog\/wp-json\/wp\/v2\/types\/product"}],"wp:featuredmedia":[{"embeddable":true,"href":"https:\/\/skiclubpaysrochois.com\/blog\/wp-json\/wp\/v2\/media\/11011"}],"wp:attachment":[{"href":"https:\/\/skiclubpaysrochois.com\/blog\/wp-json\/wp\/v2\/media?parent=10966"}],"wp:term":[{"taxonomy":"product_brand","embeddable":true,"href":"https:\/\/skiclubpaysrochois.com\/blog\/wp-json\/wp\/v2\/product_brand?post=10966"},{"taxonomy":"product_cat","embeddable":true,"href":"https:\/\/skiclubpaysrochois.com\/blog\/wp-json\/wp\/v2\/product_cat?post=10966"},{"taxonomy":"product_tag","embeddable":true,"href":"https:\/\/skiclubpaysrochois.com\/blog\/wp-json\/wp\/v2\/product_tag?post=10966"}],"curies":[{"name":"wp","href":"https:\/\/api.w.org\/{rel}","templated":true}]}}