









{"id":10602,"date":"2023-05-22T10:46:05","date_gmt":"2023-05-22T08:46:05","guid":{"rendered":"https:\/\/skiclubpaysrochois.com\/blog\/?post_type=product&#038;p=10602"},"modified":"2025-09-23T14:58:34","modified_gmt":"2025-09-23T12:58:34","slug":"tee-shirt-sport-craft","status":"publish","type":"product","link":"https:\/\/skiclubpaysrochois.com\/blog\/produit\/tee-shirt-sport-craft\/","title":{"rendered":"Tee-shirt sport Craft"},"content":{"rendered":"<p>Tee-shirt sport Craft avec inscription Ski-Club Pays Rochois sur la poitrine.<\/p>\n<p>Maillot de comp\u00e9tition en tissu technique extensible avec une excellente \u00e9vacuation de l&rsquo;humidit\u00e9 et r\u00e9gulation de la temp\u00e9rature corporelle pour une performance maximale. Ajustement agr\u00e9able avec une excellente mobilit\u00e9 gr\u00e2ce \u00e0 une bonne \u00e9lasticit\u00e9 et \u00e0 une coupe ergonomique.<\/p>\n<p>&nbsp;<\/p>\n<p>En option : marquage des initiales (3\u20ac) &#8211; marquage du pr\u00e9nom (5\u20ac)<\/p>\n","protected":false},"excerpt":{"rendered":"<p>Tee-shirt sport Craft<\/p>\n","protected":false},"featured_media":10671,"template":"","meta":[],"product_brand":[],"product_cat":[52,51],"product_tag":[93],"class_list":{"0":"post-10602","1":"product","2":"type-product","3":"status-publish","4":"has-post-thumbnail","6":"product_cat-t-shirt","7":"product_cat-vetements","8":"product_tag-craft","10":"first","11":"instock","12":"shipping-taxable","13":"purchasable","14":"product-type-variable"},"_links":{"self":[{"href":"https:\/\/skiclubpaysrochois.com\/blog\/wp-json\/wp\/v2\/product\/10602","targetHints":{"allow":["GET"]}}],"collection":[{"href":"https:\/\/skiclubpaysrochois.com\/blog\/wp-json\/wp\/v2\/product"}],"about":[{"href":"https:\/\/skiclubpaysrochois.com\/blog\/wp-json\/wp\/v2\/types\/product"}],"wp:featuredmedia":[{"embeddable":true,"href":"https:\/\/skiclubpaysrochois.com\/blog\/wp-json\/wp\/v2\/media\/10671"}],"wp:attachment":[{"href":"https:\/\/skiclubpaysrochois.com\/blog\/wp-json\/wp\/v2\/media?parent=10602"}],"wp:term":[{"taxonomy":"product_brand","embeddable":true,"href":"https:\/\/skiclubpaysrochois.com\/blog\/wp-json\/wp\/v2\/product_brand?post=10602"},{"taxonomy":"product_cat","embeddable":true,"href":"https:\/\/skiclubpaysrochois.com\/blog\/wp-json\/wp\/v2\/product_cat?post=10602"},{"taxonomy":"product_tag","embeddable":true,"href":"https:\/\/skiclubpaysrochois.com\/blog\/wp-json\/wp\/v2\/product_tag?post=10602"}],"curies":[{"name":"wp","href":"https:\/\/api.w.org\/{rel}","templated":true}]}}