









{"id":10475,"date":"2023-05-20T18:23:34","date_gmt":"2023-05-20T16:23:34","guid":{"rendered":"https:\/\/skiclubpaysrochois.com\/blog\/?post_type=product&#038;p=10475"},"modified":"2024-06-14T16:40:02","modified_gmt":"2024-06-14T14:40:02","slug":"pantalon-surchaud","status":"publish","type":"product","link":"https:\/\/skiclubpaysrochois.com\/blog\/produit\/pantalon-surchaud\/","title":{"rendered":"Pantalon surchaud"},"content":{"rendered":"<p>Pantalon de surchaud Craft avec inscription Pays Rochois.<\/p>\n<p>Pantalon d&rsquo;entra\u00eenement tr\u00e8s fonctionnel et classique pour le ski defond avec une mati\u00e8re coupe-vent \u00e0 l&rsquo;avant et \u00e9lastique et ventil\u00e9e au dos. Polyester lamin\u00e9 mince et tr\u00e8s \u00e9lastique qui a \u00e9t\u00e9 tricot\u00e9 pour offrir une bonne protection contre le vent et une bonne ventilation. Zip sur toute la longueur.<\/p>\n<p>&nbsp;<\/p>\n<p>En option : marquage des initiales (3\u20ac) &#8211; marquage du pr\u00e9nom (5\u20ac)<\/p>\n","protected":false},"excerpt":{"rendered":"<p>Pantalon de surchaud Craft<\/p>\n","protected":false},"featured_media":10507,"template":"","meta":[],"product_brand":[],"product_cat":[80,51],"product_tag":[93],"class_list":{"0":"post-10475","1":"product","2":"type-product","3":"status-publish","4":"has-post-thumbnail","6":"product_cat-ski","7":"product_cat-vetements","8":"product_tag-craft","10":"first","11":"instock","12":"shipping-taxable","13":"purchasable","14":"product-type-variable"},"_links":{"self":[{"href":"https:\/\/skiclubpaysrochois.com\/blog\/wp-json\/wp\/v2\/product\/10475","targetHints":{"allow":["GET"]}}],"collection":[{"href":"https:\/\/skiclubpaysrochois.com\/blog\/wp-json\/wp\/v2\/product"}],"about":[{"href":"https:\/\/skiclubpaysrochois.com\/blog\/wp-json\/wp\/v2\/types\/product"}],"wp:featuredmedia":[{"embeddable":true,"href":"https:\/\/skiclubpaysrochois.com\/blog\/wp-json\/wp\/v2\/media\/10507"}],"wp:attachment":[{"href":"https:\/\/skiclubpaysrochois.com\/blog\/wp-json\/wp\/v2\/media?parent=10475"}],"wp:term":[{"taxonomy":"product_brand","embeddable":true,"href":"https:\/\/skiclubpaysrochois.com\/blog\/wp-json\/wp\/v2\/product_brand?post=10475"},{"taxonomy":"product_cat","embeddable":true,"href":"https:\/\/skiclubpaysrochois.com\/blog\/wp-json\/wp\/v2\/product_cat?post=10475"},{"taxonomy":"product_tag","embeddable":true,"href":"https:\/\/skiclubpaysrochois.com\/blog\/wp-json\/wp\/v2\/product_tag?post=10475"}],"curies":[{"name":"wp","href":"https:\/\/api.w.org\/{rel}","templated":true}]}}