









{"id":10439,"date":"2023-05-20T18:04:27","date_gmt":"2023-05-20T16:04:27","guid":{"rendered":"https:\/\/skiclubpaysrochois.com\/blog\/?post_type=product&#038;p=10439"},"modified":"2025-09-25T17:45:13","modified_gmt":"2025-09-25T15:45:13","slug":"sweat-capuche-coton","status":"publish","type":"product","link":"https:\/\/skiclubpaysrochois.com\/blog\/produit\/sweat-capuche-coton\/","title":{"rendered":"Sweat capuche coton"},"content":{"rendered":"<p>Sweat \u00e0 capuche Craft avec inscription Ski-Club Pays Rochois sur la poitrine.<\/p>\n<p>Sweat \u00e0 capuche Craft pour les moments de repos entre les entra\u00eenements. Le v\u00eatement est r\u00e9alis\u00e9 dans un m\u00e9lange doux et fonctionnel de polyester et de coton qui garantit un grand confort. Mesh \u00e0 l\u2019int\u00e9rieur de la capuche.<\/p>\n<p>&nbsp;<\/p>\n<p>En option : marquage des initiales (3\u20ac) &#8211; marquage du pr\u00e9nom (5\u20ac)<\/p>\n","protected":false},"excerpt":{"rendered":"<p>Sweat \u00e0 capuche Craft<\/p>\n","protected":false},"featured_media":10474,"template":"","meta":[],"product_brand":[],"product_cat":[79,51],"product_tag":[93],"class_list":{"0":"post-10439","1":"product","2":"type-product","3":"status-publish","4":"has-post-thumbnail","6":"product_cat-streetwear","7":"product_cat-vetements","8":"product_tag-craft","10":"first","11":"instock","12":"shipping-taxable","13":"purchasable","14":"product-type-variable"},"_links":{"self":[{"href":"https:\/\/skiclubpaysrochois.com\/blog\/wp-json\/wp\/v2\/product\/10439","targetHints":{"allow":["GET"]}}],"collection":[{"href":"https:\/\/skiclubpaysrochois.com\/blog\/wp-json\/wp\/v2\/product"}],"about":[{"href":"https:\/\/skiclubpaysrochois.com\/blog\/wp-json\/wp\/v2\/types\/product"}],"wp:featuredmedia":[{"embeddable":true,"href":"https:\/\/skiclubpaysrochois.com\/blog\/wp-json\/wp\/v2\/media\/10474"}],"wp:attachment":[{"href":"https:\/\/skiclubpaysrochois.com\/blog\/wp-json\/wp\/v2\/media?parent=10439"}],"wp:term":[{"taxonomy":"product_brand","embeddable":true,"href":"https:\/\/skiclubpaysrochois.com\/blog\/wp-json\/wp\/v2\/product_brand?post=10439"},{"taxonomy":"product_cat","embeddable":true,"href":"https:\/\/skiclubpaysrochois.com\/blog\/wp-json\/wp\/v2\/product_cat?post=10439"},{"taxonomy":"product_tag","embeddable":true,"href":"https:\/\/skiclubpaysrochois.com\/blog\/wp-json\/wp\/v2\/product_tag?post=10439"}],"curies":[{"name":"wp","href":"https:\/\/api.w.org\/{rel}","templated":true}]}}