









{"id":8513,"date":"2022-02-17T18:50:03","date_gmt":"2022-02-17T16:50:03","guid":{"rendered":"https:\/\/skiclubpaysrochois.com\/blog\/?page_id=8513"},"modified":"2026-03-05T12:34:02","modified_gmt":"2026-03-05T10:34:02","slug":"nocturne","status":"publish","type":"page","link":"https:\/\/skiclubpaysrochois.com\/blog\/nocturne\/","title":{"rendered":"Rondes Nocturnes de la Haute-Savoie &#8211; Plateau des Gli\u00e8res &#8211; Mercredi 04\/03\/2026"},"content":{"rendered":"\n<p class=\"hide-bloc\"><em><mark style=\"background-color:rgba(0, 0, 0, 0);color:#cf2e2e\" class=\"has-inline-color\">Les inscriptions re\u00e7ues avant le 01er mars (22h) nous facilite beaucoup la gestion des repas\u2026 merci d&rsquo;avance &#x1f64f;<\/mark><\/em><\/p>\n\n\n\n<div class=\"wp-block-buttons is-content-justification-center is-layout-flex wp-container-core-buttons-is-layout-a89b3969 wp-block-buttons-is-layout-flex\">\n<div class=\"wp-block-button\"><a class=\"wp-block-button__link has-large-font-size has-custom-font-size wp-element-button\" href=\"https:\/\/skiclubpaysrochois.com\/blog\/wp-content\/uploads\/2026\/03\/nocturne26resultats.pdf\">Tous les r\u00e9sultats<\/a><\/div>\n<\/div>\n\n\n\n<p class=\"has-text-align-center\"><strong><em><mark style=\"background-color:rgba(0, 0, 0, 0)\" class=\"has-inline-color has-secondary-color\">Merci \u00e0 tous pour votre participation<\/mark><\/em><\/strong><\/p>\n\n\n\n<div style=\"height:50px\" aria-hidden=\"true\" class=\"wp-block-spacer\"><\/div>\n\n\n\n<h3 class=\"wp-block-heading\">La course<\/h3>\n\n\n\n<ul class=\"wp-block-list\">\n<li>Boucle d&rsquo;environ 700m, <strong>d\u00e9part et arriv\u00e9e en bas du Monument<\/strong> (\u00e0 confirmer)<\/li>\n\n\n\n<li>Relais en style libre par \u00e9quipe de 2 (passage de relais \u00e0 chaque tour)<\/li>\n\n\n\n<li>Respect de la charte de fartage du Comit\u00e9 Mont-Blanc<\/li>\n\n\n\n<li>Podiums et remise des prix sur place, tirage au sort lors du repas d&rsquo;apr\u00e8s course<\/li>\n\n\n\n<li>Ordre de d\u00e9part des groupes (d\u00e9part toutes les 15 \u00e0 30 minutes environ, nombre de tours \u00e0 confirmer) :\n<ul class=\"wp-block-list\">\n<li><strong>Groupe Mixte<\/strong> &#8211; 3 tours chacun &#8211; d\u00e9part \u00e0 19h15<\/li>\n\n\n\n<li><strong>Groupe des Copains-Copines<\/strong> &#8211; 3 tours chacun<\/li>\n\n\n\n<li><strong>Groupe des Bons<\/strong> &#8211; 4 tours chacun<\/li>\n\n\n\n<li><strong>Groupe Dames<\/strong> &#8211; 3 tours chacun<\/li>\n\n\n\n<li><strong>Groupe Elite<\/strong> &#8211; 4 tours chacun &#8211; \u00e9quipe de club uniquement (niveau comit\u00e9 et sup\u00e9rieur)<\/li>\n<\/ul>\n<\/li>\n<\/ul>\n\n\n\n<div style=\"height:49px\" aria-hidden=\"true\" class=\"wp-block-spacer\"><\/div>\n\n\n\n<h3 class=\"wp-block-heading\">Inscriptions<\/h3>\n\n\n\n<ul class=\"wp-block-list\">\n<li>Uniquement par mail \u00e0 l&rsquo;adresse suivante :&nbsp;<a href=\"mailto:s&#99;&#110;&#112;&#114;7&#52;&#64;&#103;&#109;ail.&#99;o&#109;\" title=\"s&#99;&#110;&#112;&#114;7&#52;&#64;&#103;&#109;ail.&#99;o&#109;\">s&#99;&#110;&#112;&#114;7&#52;&#64;&#103;&#109;ail.&#99;o&#109;<\/a><\/li>\n\n\n\n<li><strong>Cat\u00e9gories : U16 \u00e0 seniors<\/strong> (n\u00e9s en 2010 et avant)<\/li>\n\n\n\n<li><div dir=\"auto\">Indiquer dans votre mail :<\/div>\n\n\n\n\n\n\n\n\n\n\n\n\n\n\n\n\n\n\n\n\n\n\n\n\n\n\n\n\n\n\n\n\n\n\n\n\n\n\n\n\n\n\n\n\n\n\n\n\n\n\n\n\n\n\n\n\n\n\n\n\n\n\n\n\n\n\n\n\n\n\n\n\n\n\n\n\n\n\n\n\n\n\n\n\n\n\n<ul class=\"wp-block-list\">\n<li><div dir=\"auto\">le groupe d&rsquo;inscription (l&rsquo;organisation se r\u00e9serve le droit de modifier selon le niveau et l&rsquo;effectif<\/div><\/li>\n\n\n\n<li>pour chaque concurrent : \n<ul class=\"wp-block-list\">\n<li>nom, pr\u00e9nom, ann\u00e9e de naissance, <\/li>\n\n\n\n<li>1er ou 2e relayeur<\/li>\n\n\n\n<li>licenci\u00e9 (donner num\u00e9ro de licence) ou non licenci\u00e9 (informations \u00e0 fournir : nationalit\u00e9, adresse, code postal, ville, email + <strong><mark style=\"background-color:rgba(0, 0, 0, 0)\" class=\"has-inline-color has-secondary-color\"><a href=\"https:\/\/media.ffs.fr\/pdf\/reglements\/REGCOMMU\/AttestationQuestionnaire-Sante.pdf\" target=\"_blank\" rel=\"noreferrer noopener\">attestation m\u00e9dicale<\/a> ou certificat m\u00e9dical<\/mark><\/strong>)<\/li>\n\n\n\n<li>club (pour les personnes licenci\u00e9es) <\/li>\n<\/ul>\n<\/li>\n<\/ul>\n\n\n\n<ul class=\"wp-block-list\">\n<li>pour le groupe Elite : <strong>\u00e9quipe d&rsquo;un m\u00eame club uniquement<\/strong><\/li>\n<\/ul>\n<\/li>\n\n\n\n<li>Tarif :\n<ul class=\"wp-block-list\">\n<li>40\u20ac par \u00e9quipe pour les inscriptions re\u00e7ues jusqu&rsquo;au 03\/03<\/li>\n\n\n\n<li>50\u20ac pour les inscriptions le jour m\u00eame (pas d&rsquo;inscriptions apr\u00e8s 18h15)<\/li>\n\n\n\n<li>Retrait et paiement des dossards \u00e0 la Maison du Plateau de 18h \u00e0 18h45 (dans le stade de d\u00e9part pour les retardataires).<\/li>\n\n\n\n<li>Pour ceux qui souhaitent effectuer plusieurs courses : <strong><mark style=\"background-color:rgba(0, 0, 0, 0)\" class=\"has-inline-color has-secondary-color\">l&rsquo;inscription \u00e0 la 2e course est offerte<\/mark><\/strong> (20\u20ac si c&rsquo;est la seule course du 2e relayeur)<\/li>\n<\/ul>\n<\/li>\n\n\n\n<li><strong>Inscriptions limit\u00e9es \u00e0 80 \u00e9quipes, dans l&rsquo;ordre de r\u00e9ception des inscriptions (inscriptions compl\u00e8tes)<\/strong><\/li>\n\n\n\n<li>Information pour les non-licenci\u00e9s : un ticket course est compris dans le prix de l&rsquo;inscription. C&rsquo;est un titre de participation aux courses de la F\u00e9d\u00e9ration Fran\u00e7aise de Ski et comprend notamment une assurance. <a href=\"https:\/\/ffs.fr\/pdf\/reglements\/REGCOMMU\/FFSticketcourse-assurance.pdf\">Notice d&rsquo;informations &amp; d\u00e9claration d&rsquo;accident<\/a>. Les conditions g\u00e9n\u00e9rales d\u2019assurance et d\u2019assistance compl\u00e8tes sont consultables sur le <a href=\"https:\/\/ffs.fr\/options-dassurance-et-garanties-complementaires\/\">site internet de la FFS<\/a><\/li>\n<\/ul>\n\n\n\n<div style=\"height:50px\" aria-hidden=\"true\" class=\"wp-block-spacer\"><\/div>\n\n\n\n<h3 class=\"wp-block-heading\">Infos pratiques<\/h3>\n\n\n\n<ul class=\"wp-block-list\">\n<li>Lieu : <a href=\"https:\/\/g.page\/fol74_glieres?share\">Plateau des Gli\u00e8res<\/a>, acc\u00e8s c\u00f4t\u00e9 Thorens<\/li>\n\n\n\n<li>Retrait et paiement des dossards \u00e0 la Maison du Plateau de 18h \u00e0 18h45 (dans le stade de d\u00e9part pour les retardataires).<\/li>\n\n\n\n<li>Distance Maison du Plateau &#8211; stade de d\u00e9part : environ 3 minutes en ski<\/li>\n\n\n\n<li>Repas compris dans l&rsquo;inscription : <strong><mark style=\"background-color:rgba(0, 0, 0, 0)\" class=\"has-inline-color has-secondary-color\">tartiflette<\/mark><\/strong>. Repas pris \u00e0 la Maison du Plateau.<\/li>\n\n\n\n<li>Vin chaud et th\u00e9 sur place<\/li>\n\n\n\n<li>Stade et passage de relais \u00e9clair\u00e9s, lampe frontale recommand\u00e9e pour le reste du parcours<\/li>\n\n\n\n<li>Tombola au cours du repas<\/li>\n<\/ul>\n\n\n\n<div style=\"height:50px\" aria-hidden=\"true\" class=\"wp-block-spacer\"><\/div>\n\n\n\n<figure class=\"wp-block-image aligncenter size-large is-style-default\"><img loading=\"lazy\" decoding=\"async\" width=\"724\" height=\"1024\" src=\"https:\/\/skiclubpaysrochois.com\/blog\/wp-content\/uploads\/2026\/02\/afficheReport-724x1024.jpeg\" alt=\"\" class=\"wp-image-13859\" srcset=\"https:\/\/skiclubpaysrochois.com\/blog\/wp-content\/uploads\/2026\/02\/afficheReport-724x1024.jpeg 724w, https:\/\/skiclubpaysrochois.com\/blog\/wp-content\/uploads\/2026\/02\/afficheReport-212x300.jpeg 212w, https:\/\/skiclubpaysrochois.com\/blog\/wp-content\/uploads\/2026\/02\/afficheReport-768x1086.jpeg 768w, https:\/\/skiclubpaysrochois.com\/blog\/wp-content\/uploads\/2026\/02\/afficheReport-600x849.jpeg 600w, https:\/\/skiclubpaysrochois.com\/blog\/wp-content\/uploads\/2026\/02\/afficheReport.jpeg 905w\" sizes=\"auto, (max-width: 724px) 100vw, 724px\" \/><\/figure>\n\n\n\n<div style=\"height:500px\" aria-hidden=\"true\" class=\"wp-block-spacer\"><\/div>\n","protected":false},"excerpt":{"rendered":"<p>Les inscriptions re\u00e7ues avant le 01er mars (22h) nous facilite beaucoup la gestion des repas\u2026 merci d&rsquo;avance &#x1f64f; Merci \u00e0 tous pour votre participation La course Inscriptions Infos pratiques<\/p>\n","protected":false},"author":1,"featured_media":0,"parent":0,"menu_order":0,"comment_status":"closed","ping_status":"closed","template":"","meta":{"footnotes":""},"class_list":["post-8513","page","type-page","status-publish","hentry"],"_links":{"self":[{"href":"https:\/\/skiclubpaysrochois.com\/blog\/wp-json\/wp\/v2\/pages\/8513","targetHints":{"allow":["GET"]}}],"collection":[{"href":"https:\/\/skiclubpaysrochois.com\/blog\/wp-json\/wp\/v2\/pages"}],"about":[{"href":"https:\/\/skiclubpaysrochois.com\/blog\/wp-json\/wp\/v2\/types\/page"}],"author":[{"embeddable":true,"href":"https:\/\/skiclubpaysrochois.com\/blog\/wp-json\/wp\/v2\/users\/1"}],"replies":[{"embeddable":true,"href":"https:\/\/skiclubpaysrochois.com\/blog\/wp-json\/wp\/v2\/comments?post=8513"}],"version-history":[{"count":74,"href":"https:\/\/skiclubpaysrochois.com\/blog\/wp-json\/wp\/v2\/pages\/8513\/revisions"}],"predecessor-version":[{"id":13869,"href":"https:\/\/skiclubpaysrochois.com\/blog\/wp-json\/wp\/v2\/pages\/8513\/revisions\/13869"}],"wp:attachment":[{"href":"https:\/\/skiclubpaysrochois.com\/blog\/wp-json\/wp\/v2\/media?parent=8513"}],"curies":[{"name":"wp","href":"https:\/\/api.w.org\/{rel}","templated":true}]}}