









{"id":8432,"date":"2022-02-06T20:14:17","date_gmt":"2022-02-06T18:14:17","guid":{"rendered":"https:\/\/skiclubpaysrochois.com\/blog\/?page_id=8432"},"modified":"2026-02-23T17:56:27","modified_gmt":"2026-02-23T15:56:27","slug":"grandprix","status":"publish","type":"page","link":"https:\/\/skiclubpaysrochois.com\/blog\/grandprix\/","title":{"rendered":"Grand-Prix du Pays Rochois &#8211; Les Gli\u00e8res &#8211; 22\/02\/26"},"content":{"rendered":"\n<div class=\"wp-block-group has-global-padding is-layout-constrained wp-block-group-is-layout-constrained\">\n<div class=\"wp-block-group has-global-padding is-layout-constrained wp-block-group-is-layout-constrained\">\n<h2 class=\"wp-block-heading has-text-align-center has-x-large-font-size\">Mass start classique, 1er d\u00e9part 9h30<\/h2>\n\n\n\n<h3 class=\"wp-block-heading\">R\u00e9sultats officiels<\/h3>\n\n\n\n<div class=\"wp-block-buttons is-layout-flex wp-block-buttons-is-layout-flex\">\n<div class=\"wp-block-button\"><a class=\"wp-block-button__link wp-element-button\" href=\"https:\/\/skiclubpaysrochois.com\/blog\/wp-content\/uploads\/2026\/02\/offelU12-U15.pdf\">U12 \u00e0 U15<\/a><\/div>\n\n\n\n<div class=\"wp-block-button\"><a class=\"wp-block-button__link wp-element-button\" href=\"https:\/\/skiclubpaysrochois.com\/blog\/wp-content\/uploads\/2026\/02\/offelU16-U18h.pdf\">U18+U20 hommes<\/a><\/div>\n\n\n\n<div class=\"wp-block-button\"><a class=\"wp-block-button__link wp-element-button\" href=\"https:\/\/skiclubpaysrochois.com\/blog\/wp-content\/uploads\/2026\/02\/offelDames.pdf\">U16 \u00e0 SEN dames<\/a><\/div>\n\n\n\n<div class=\"wp-block-button\"><a class=\"wp-block-button__link wp-element-button\" href=\"https:\/\/skiclubpaysrochois.com\/blog\/wp-content\/uploads\/2026\/02\/offelU20-SENh.pdf\">U20 + SEN hommes<\/a><\/div>\n<\/div>\n\n\n\n<h3 class=\"wp-block-heading hide-bloc\">R\u00e9sultats officieux<\/h3>\n\n\n\n<div class=\"wp-block-buttons hide-bloc is-layout-flex wp-block-buttons-is-layout-flex\">\n<div class=\"wp-block-button\"><a class=\"wp-block-button__link wp-element-button\" href=\"https:\/\/skiclubpaysrochois.com\/blog\/wp-content\/uploads\/2026\/02\/u12f.pdf\">U12 F<\/a><\/div>\n\n\n\n<div class=\"wp-block-button\"><a class=\"wp-block-button__link wp-element-button\" href=\"https:\/\/skiclubpaysrochois.com\/blog\/wp-content\/uploads\/2026\/02\/u12h.pdf\">U12 H<\/a><\/div>\n\n\n\n<div class=\"wp-block-button\"><a class=\"wp-block-button__link wp-element-button\" href=\"https:\/\/skiclubpaysrochois.com\/blog\/wp-content\/uploads\/2026\/02\/u13f.pdf\">U13 F<\/a><\/div>\n\n\n\n<div class=\"wp-block-button\"><a class=\"wp-block-button__link wp-element-button\" href=\"https:\/\/skiclubpaysrochois.com\/blog\/wp-content\/uploads\/2026\/02\/u13h.pdf\">U13 H<\/a><\/div>\n\n\n\n<div class=\"wp-block-button\"><a class=\"wp-block-button__link wp-element-button\" href=\"https:\/\/skiclubpaysrochois.com\/blog\/wp-content\/uploads\/2026\/02\/u14d.pdf\">U14 F<\/a><\/div>\n\n\n\n<div class=\"wp-block-button\"><a class=\"wp-block-button__link wp-element-button\" href=\"https:\/\/skiclubpaysrochois.com\/blog\/wp-content\/uploads\/2026\/02\/U15d.pdf\">U15 F<\/a><\/div>\n\n\n\n<div class=\"wp-block-button\"><a class=\"wp-block-button__link wp-element-button\" href=\"https:\/\/skiclubpaysrochois.com\/blog\/wp-content\/uploads\/2026\/02\/U14h.pdf\">U14 H<\/a><\/div>\n\n\n\n<div class=\"wp-block-button\"><a class=\"wp-block-button__link wp-element-button\" href=\"https:\/\/skiclubpaysrochois.com\/blog\/wp-content\/uploads\/2026\/02\/U15h.pdf\">U15 H<\/a><\/div>\n\n\n\n<div class=\"wp-block-button\"><a class=\"wp-block-button__link wp-element-button\" href=\"https:\/\/skiclubpaysrochois.com\/blog\/wp-content\/uploads\/2026\/02\/U16-U18h.pdf\">U16-U18 H<\/a><\/div>\n\n\n\n<div class=\"wp-block-button\"><a class=\"wp-block-button__link wp-element-button\" href=\"https:\/\/skiclubpaysrochois.com\/blog\/wp-content\/uploads\/2026\/02\/u16-senD.pdf\">U16 > SEN F<\/a><\/div>\n\n\n\n<div class=\"wp-block-button\"><a class=\"wp-block-button__link wp-element-button\" href=\"https:\/\/skiclubpaysrochois.com\/blog\/wp-content\/uploads\/2026\/02\/u20-senH.pdf\">U20-SEN H<\/a><\/div>\n<\/div>\n<\/div>\n<\/div>\n\n\n\n<div style=\"height:50px\" aria-hidden=\"true\" class=\"wp-block-spacer\"><\/div>\n\n\n\n<h3 class=\"wp-block-heading\">Informations :<\/h3>\n\n\n\n<p><em>Les d\u00e9tails de l\u2019\u00e9preuve seront publi\u00e9s au fur et \u00e0 mesure de leur confirmation<\/em><\/p>\n\n\n\n<div class=\"wp-block-buttons is-content-justification-center is-layout-flex wp-container-core-buttons-is-layout-a89b3969 wp-block-buttons-is-layout-flex\">\n<div class=\"wp-block-button\"><a class=\"wp-block-button__link has-large-font-size has-text-align-center has-custom-font-size wp-element-button\" href=\"https:\/\/skiclubpaysrochois.com\/blog\/wp-content\/uploads\/2026\/02\/invitation_clubV2.pdf\">Invitation &amp; informations diverses<\/a><\/div>\n<\/div>\n\n\n\n<div class=\"wp-block-buttons is-content-justification-center is-layout-flex wp-container-core-buttons-is-layout-a89b3969 wp-block-buttons-is-layout-flex\">\n<div class=\"wp-block-button\"><a class=\"wp-block-button__link wp-element-button\" href=\"https:\/\/skiclubpaysrochois.com\/blog\/wp-content\/uploads\/2026\/02\/planPiste-Grande.jpeg\" target=\"_blank\" rel=\"noreferrer noopener\">Plan des pistes<\/a><\/div>\n\n\n\n<div class=\"wp-block-button\"><a class=\"wp-block-button__link wp-element-button\" href=\"https:\/\/skiclubpaysrochois.com\/blog\/wp-content\/uploads\/2026\/02\/listeDepartV2.pdf\">Liste de d\u00e9part (v2)<\/a><\/div>\n\n\n\n<div class=\"wp-block-button\"><a class=\"wp-block-button__link wp-element-button\" href=\"https:\/\/skiclubpaysrochois.com\/blog\/wp-content\/uploads\/2026\/02\/recapHoraires.pdf\">Horaires d\u00e9part<\/a><\/div>\n<\/div>\n\n\n\n<p><strong><mark style=\"background-color:rgba(0, 0, 0, 0);color:#cf2e2e\" class=\"has-inline-color\">Important :<\/mark><\/strong><\/p>\n\n\n\n<ul class=\"wp-block-list\">\n<li>Se garer imp\u00e9rativement <strong><mark style=\"background-color:rgba(0, 0, 0, 0)\" class=\"has-inline-color has-secondary-color\">au fond du parking<\/mark><\/strong>, vers le b\u00e2timent \u00ab\u00a0M\u00e9moire du Maquis\u00a0\u00bb<\/li>\n\n\n\n<li>Suivre imp\u00e9rativement le sentier pour ne pas d\u00e9grader la piste et les espaces p\u00e9dagogiques<\/li>\n\n\n\n<li>Piste r\u00e9serv\u00e9e aux coureurs et aux entra\u00eeneurs, <strong><mark style=\"background-color:rgba(0, 0, 0, 0)\" class=\"has-inline-color has-secondary-color\">merci aux accompagnateurs de ne pas les emprunter<\/mark><\/strong> afin de conserver une piste en bon \u00e9tat pour toutes les courses<\/li>\n<\/ul>\n\n\n\n<figure class=\"wp-block-table\"><table><tbody><tr><td class=\"has-text-align-center\" data-align=\"center\"><strong>Cat\u00e9gorie<\/strong><\/td><td class=\"has-text-align-center\" data-align=\"center\"><strong>Nombre de tours<\/strong><\/td><td class=\"has-text-align-center\" data-align=\"center\"><strong>Heure d\u00e9part<\/strong><\/td><td class=\"has-text-align-center\" data-align=\"center\"><strong>Distance<\/strong><\/td><\/tr><tr><td class=\"has-text-align-center\" data-align=\"center\">U12 DAMES<\/td><td class=\"has-text-align-center\" data-align=\"center\">1<\/td><td class=\"has-text-align-center\" data-align=\"center\">9h30<\/td><td class=\"has-text-align-center\" data-align=\"center\">2.5km<\/td><\/tr><tr><td class=\"has-text-align-center\" data-align=\"center\">U12 HOMMES<\/td><td class=\"has-text-align-center\" data-align=\"center\">1<\/td><td class=\"has-text-align-center\" data-align=\"center\">9h45<\/td><td class=\"has-text-align-center\" data-align=\"center\">2.5km<\/td><\/tr><tr><td class=\"has-text-align-center\" data-align=\"center\">U13 DAMES<\/td><td class=\"has-text-align-center\" data-align=\"center\">1<\/td><td class=\"has-text-align-center\" data-align=\"center\">10h<\/td><td class=\"has-text-align-center\" data-align=\"center\">2.5km<\/td><\/tr><tr><td class=\"has-text-align-center\" data-align=\"center\">U13 HOMMES<\/td><td class=\"has-text-align-center\" data-align=\"center\">1<\/td><td class=\"has-text-align-center\" data-align=\"center\">10h15<\/td><td class=\"has-text-align-center\" data-align=\"center\">2.5km<\/td><\/tr><tr><td class=\"has-text-align-center\" data-align=\"center\">U14 DAMES<\/td><td class=\"has-text-align-center\" data-align=\"center\">2<\/td><td class=\"has-text-align-center\" data-align=\"center\">10h30<\/td><td class=\"has-text-align-center\" data-align=\"center\">5km<\/td><\/tr><tr><td class=\"has-text-align-center\" data-align=\"center\">U15 DAMES<\/td><td class=\"has-text-align-center\" data-align=\"center\">2<\/td><td class=\"has-text-align-center\" data-align=\"center\">10h50<\/td><td class=\"has-text-align-center\" data-align=\"center\">5km<\/td><\/tr><tr><td class=\"has-text-align-center\" data-align=\"center\">U14 HOMMES<\/td><td class=\"has-text-align-center\" data-align=\"center\">2<\/td><td class=\"has-text-align-center\" data-align=\"center\">11h10<\/td><td class=\"has-text-align-center\" data-align=\"center\">5km<\/td><\/tr><tr><td class=\"has-text-align-center\" data-align=\"center\">U15 HOMMES<\/td><td class=\"has-text-align-center\" data-align=\"center\">2<\/td><td class=\"has-text-align-center\" data-align=\"center\">11h30<\/td><td class=\"has-text-align-center\" data-align=\"center\">5km<\/td><\/tr><tr><td class=\"has-text-align-center\" data-align=\"center\">U16+U18 HOMMES<\/td><td class=\"has-text-align-center\" data-align=\"center\">3<\/td><td class=\"has-text-align-center\" data-align=\"center\">11h50<\/td><td class=\"has-text-align-center\" data-align=\"center\">7.5km<\/td><\/tr><tr><td class=\"has-text-align-center\" data-align=\"center\">U16 -&gt; SEN DAMES<\/td><td class=\"has-text-align-center\" data-align=\"center\">3<\/td><td class=\"has-text-align-center\" data-align=\"center\">12h15<\/td><td class=\"has-text-align-center\" data-align=\"center\">7.5km<\/td><\/tr><tr><td class=\"has-text-align-center\" data-align=\"center\">U20+SEN HOMMES<\/td><td class=\"has-text-align-center\" data-align=\"center\">4<\/td><td class=\"has-text-align-center\" data-align=\"center\">12h40<\/td><td class=\"has-text-align-center\" data-align=\"center\">10km<\/td><\/tr><\/tbody><\/table><\/figure>\n\n\n\n<div style=\"height:150px\" aria-hidden=\"true\" class=\"wp-block-spacer\"><\/div>\n\n\n\n<p><\/p>\n","protected":false},"excerpt":{"rendered":"<p>Mass start classique, 1er d\u00e9part 9h30 R\u00e9sultats officiels R\u00e9sultats officieux Informations : Les d\u00e9tails de l\u2019\u00e9preuve seront publi\u00e9s au fur et \u00e0 mesure de leur confirmation Important : Cat\u00e9gorie Nombre de tours Heure d\u00e9part Distance U12 DAMES 1 9h30 2.5km U12 HOMMES 1 9h45 2.5km U13 DAMES 1 10h 2.5km U13 HOMMES 1 10h15 2.5km [&hellip;]<\/p>\n","protected":false},"author":1,"featured_media":0,"parent":0,"menu_order":0,"comment_status":"closed","ping_status":"closed","template":"","meta":{"footnotes":""},"class_list":["post-8432","page","type-page","status-publish","hentry"],"_links":{"self":[{"href":"https:\/\/skiclubpaysrochois.com\/blog\/wp-json\/wp\/v2\/pages\/8432","targetHints":{"allow":["GET"]}}],"collection":[{"href":"https:\/\/skiclubpaysrochois.com\/blog\/wp-json\/wp\/v2\/pages"}],"about":[{"href":"https:\/\/skiclubpaysrochois.com\/blog\/wp-json\/wp\/v2\/types\/page"}],"author":[{"embeddable":true,"href":"https:\/\/skiclubpaysrochois.com\/blog\/wp-json\/wp\/v2\/users\/1"}],"replies":[{"embeddable":true,"href":"https:\/\/skiclubpaysrochois.com\/blog\/wp-json\/wp\/v2\/comments?post=8432"}],"version-history":[{"count":102,"href":"https:\/\/skiclubpaysrochois.com\/blog\/wp-json\/wp\/v2\/pages\/8432\/revisions"}],"predecessor-version":[{"id":13858,"href":"https:\/\/skiclubpaysrochois.com\/blog\/wp-json\/wp\/v2\/pages\/8432\/revisions\/13858"}],"wp:attachment":[{"href":"https:\/\/skiclubpaysrochois.com\/blog\/wp-json\/wp\/v2\/media?parent=8432"}],"curies":[{"name":"wp","href":"https:\/\/api.w.org\/{rel}","templated":true}]}}