









{"id":13166,"date":"2025-06-18T13:04:14","date_gmt":"2025-06-18T11:04:14","guid":{"rendered":"https:\/\/skiclubpaysrochois.com\/blog\/?page_id=13166"},"modified":"2026-03-25T10:06:46","modified_gmt":"2026-03-25T08:06:46","slug":"scolarite-sportive-et-ski-etudes","status":"publish","type":"page","link":"https:\/\/skiclubpaysrochois.com\/blog\/scolarite-sportive-et-ski-etudes\/","title":{"rendered":"Scolarit\u00e9 sportive et ski-\u00e9tudes"},"content":{"rendered":"\n<h2 class=\"wp-block-heading\">Coll\u00e8ges<\/h2>\n\n\n\n<ul class=\"wp-block-list\">\n<li>Section ski-\u00e9tude &#8211; <a href=\"https:\/\/skiclubpaysrochois.com\/blog\/wp-content\/uploads\/2025\/06\/SECTION-SPORTIVE-SKI-DE-FOND-Affiche-presentation.pdf\" target=\"_blank\" rel=\"noreferrer noopener\">Coll\u00e8ge Les Allobroges<\/a> &#8211; La Roche sur Foron (section encadr\u00e9e en partenariat par le Pays Rochois et le CNG)<\/li>\n<\/ul>\n\n\n\n<h2 class=\"wp-block-heading\">Lyc\u00e9es<\/h2>\n\n\n\n<ul class=\"wp-block-list\">\n<li>Document \u00ab\u00a0<a href=\"https:\/\/skiclubpaysrochois.com\/blog\/wp-content\/uploads\/2025\/07\/presentation_orientation_collegiens.pdf\" target=\"_blank\" rel=\"noreferrer noopener\">Orientation scolaire et sportive du coll\u00e9gien<\/a>\u00a0\u00bb du Comit\u00e9 Mont-Blanc (2024)<\/li>\n\n\n\n<li><a href=\"https:\/\/skiclubpaysrochois.com\/blog\/wp-content\/uploads\/2025\/06\/Etudes.et_.Ski_.2021.pdf\" target=\"_blank\" rel=\"noreferrer noopener\">Document \u00ab\u00a0\u00c9tudes et Ski\u00a0\u00bb<\/a> du Comit\u00e9 Mont-Blanc (2021)<\/li>\n\n\n\n<li>Section sportive scolaire &#8211; <a href=\"https:\/\/skiclubpaysrochois.com\/blog\/wp-content\/uploads\/2026\/02\/lyceeCluses.pdf\">Lyc\u00e9e Charles Poncet<\/a> &#8211; Cluses (2026)<\/li>\n\n\n\n<li>SEA Ski-Etudes Aravis &#8211; <a href=\"https:\/\/skiclubpaysrochois.com\/blog\/wp-content\/uploads\/2025\/06\/Reunion-portes-ouvertes.pdf\" target=\"_blank\" rel=\"noreferrer noopener\">CNED dans le Coll\u00e8ge de Th\u00f4nes<\/a><\/li>\n\n\n\n<li>Biqualification Ski &#8211; Fili\u00e8re bois &#8211; <a href=\"https:\/\/skiclubpaysrochois.com\/blog\/wp-content\/uploads\/2025\/06\/embrun-biqualif2.pdf\" target=\"_blank\" rel=\"noreferrer noopener\">Lyc\u00e9e Alpes et Durance<\/a> &#8211; Embrun<\/li>\n\n\n\n<li>Section ski &#8211; Fili\u00e8re bois &#8211; Lyc\u00e9e Pontarlier<\/li>\n\n\n\n<li>Section ski &#8211; <a href=\"https:\/\/skiclubpaysrochois.com\/blog\/wp-content\/uploads\/2025\/06\/morezSECTION-SPORTIVE-SKI-Presentation-2022-2023.pdf\" target=\"_blank\" rel=\"noreferrer noopener\">Lyc\u00e9e Victor Berard<\/a> &#8211; Morez<\/li>\n\n\n\n<li>Section horaires am\u00e9nag\u00e9s &#8211; G\u00e9n\u00e9rale et professionnelle &#8211; <a href=\"https:\/\/larochesurforon.enilv-alpes.fr\/\">Lyc\u00e9e ENILV<\/a><\/li>\n<\/ul>\n\n\n\n<h2 class=\"wp-block-heading\">Post-bac<\/h2>\n\n\n\n<ul class=\"wp-block-list\">\n<li>Parcours am\u00e9nag\u00e9 \u00ab\u00a0monitorat de ski\u00a0\u00bb &#8211; BTS Conseil et Commercialisation de Solutions Techniques &#8211; <a href=\"https:\/\/skiclubpaysrochois.com\/blog\/wp-content\/uploads\/2025\/06\/PLAQUETTE-JPO-BTS-CCST-parcours-amenage-MONITORAT-2025.pdf\" target=\"_blank\" rel=\"noreferrer noopener\">Lyc\u00e9e du Mont-Blanc<\/a> &#8211; Passy<\/li>\n\n\n\n<li>Comi&rsquo;classe &#8211; Titre Professionnel Responsable de Petite ou Moyenne Structure &#8211; Formation en alternance organis\u00e9e par le <a href=\"https:\/\/www.comiclasse.com\/\" target=\"_blank\" rel=\"noreferrer noopener\">Comit\u00e9 du Mont-Blanc<\/a><\/li>\n<\/ul>\n","protected":false},"excerpt":{"rendered":"<p>Coll\u00e8ges Lyc\u00e9es Post-bac<\/p>\n","protected":false},"author":1,"featured_media":0,"parent":0,"menu_order":0,"comment_status":"closed","ping_status":"closed","template":"","meta":{"footnotes":""},"class_list":["post-13166","page","type-page","status-publish","hentry"],"_links":{"self":[{"href":"https:\/\/skiclubpaysrochois.com\/blog\/wp-json\/wp\/v2\/pages\/13166","targetHints":{"allow":["GET"]}}],"collection":[{"href":"https:\/\/skiclubpaysrochois.com\/blog\/wp-json\/wp\/v2\/pages"}],"about":[{"href":"https:\/\/skiclubpaysrochois.com\/blog\/wp-json\/wp\/v2\/types\/page"}],"author":[{"embeddable":true,"href":"https:\/\/skiclubpaysrochois.com\/blog\/wp-json\/wp\/v2\/users\/1"}],"replies":[{"embeddable":true,"href":"https:\/\/skiclubpaysrochois.com\/blog\/wp-json\/wp\/v2\/comments?post=13166"}],"version-history":[{"count":10,"href":"https:\/\/skiclubpaysrochois.com\/blog\/wp-json\/wp\/v2\/pages\/13166\/revisions"}],"predecessor-version":[{"id":13911,"href":"https:\/\/skiclubpaysrochois.com\/blog\/wp-json\/wp\/v2\/pages\/13166\/revisions\/13911"}],"wp:attachment":[{"href":"https:\/\/skiclubpaysrochois.com\/blog\/wp-json\/wp\/v2\/media?parent=13166"}],"curies":[{"name":"wp","href":"https:\/\/api.w.org\/{rel}","templated":true}]}}