









{"id":12547,"date":"2024-06-18T08:02:08","date_gmt":"2024-06-18T06:02:08","guid":{"rendered":"https:\/\/skiclubpaysrochois.com\/blog\/?page_id=12547"},"modified":"2024-06-18T08:02:14","modified_gmt":"2024-06-18T06:02:14","slug":"pas-de-tir-de-cornier","status":"publish","type":"page","link":"https:\/\/skiclubpaysrochois.com\/blog\/pas-de-tir-de-cornier\/","title":{"rendered":"Pas de tir de Cornier"},"content":{"rendered":"\n<p>Le Ski-Club dispose d&rsquo;un stand de tir couvert pour la pratique du tir \u00e0 10m et \u00e0 50m<\/p>\n\n\n\n<ul class=\"wp-block-list\">\n<li><strong><span style=\"text-decoration: underline;\">Lieu<\/span><\/strong> : Cornier, route de la Fornasse (<a href=\"https:\/\/goo.gl\/maps\/AqNuC8AKkLNxhRbTA\" target=\"_blank\" rel=\"noreferrer noopener\">carte<\/a>)<\/li>\n\n\n\n<li><span style=\"text-decoration: underline;\"><strong>Parking<\/strong>\u00a0<\/span>: un petit parking existe au bord de la route,\u00a0<strong>uniquement pour une \u00ab\u00a0d\u00e9pose rapide\u00a0\u00bb.\u00a0<\/strong>\u00a0<span style=\"text-decoration: underline;\">Aucun stationnement dans le champ<\/span>. En cas de n\u00e9cessit\u00e9, il est possible de stationner\u00a0chez Christophe Desalmand (100m avant le pas de tir depuis la route de Thonon)<\/li>\n\n\n\n<li>Les r\u00e8gles de s\u00e9curit\u00e9 sont affich\u00e9es \u00e0 l&rsquo;entr\u00e9e du pas de tir, elles doivent \u00eatre connues de tous.<\/li>\n\n\n\n<li>Pour faciliter la gestion des s\u00e9ances, <strong>seul les enfants et les encadrants sont autoris\u00e9s \u00e0 se trouver \u00e0 proximit\u00e9 du pas de tir<\/strong>.<\/li>\n\n\n\n<li>Pr\u00e9voir une tenue pour \u00eatre \u00e0 l\u2019aise dans ses mouvements, une paire de basket (m\u00eame si ce n\u2019est pas un entra\u00eenement physique, il y a toujours un peu de course \u00e0 pied). Attention, il peut faire froid l&rsquo;automne\u2026<\/li>\n\n\n\n<li>Le pas de tir se situe sur un terrain priv\u00e9, la route d\u2019acc\u00e8s est \u00e9troite, etc. Pour la bonne continuation de ce super outil d\u2019entra\u00eenement, <span style=\"text-decoration: underline;\">merci de respecter le lieu et le voisinage<\/span>.<\/li>\n<\/ul>\n","protected":false},"excerpt":{"rendered":"<p>Le Ski-Club dispose d&rsquo;un stand de tir couvert pour la pratique du tir \u00e0 10m et \u00e0 50m<\/p>\n","protected":false},"author":1,"featured_media":0,"parent":0,"menu_order":0,"comment_status":"closed","ping_status":"closed","template":"","meta":{"footnotes":""},"class_list":["post-12547","page","type-page","status-publish","hentry"],"_links":{"self":[{"href":"https:\/\/skiclubpaysrochois.com\/blog\/wp-json\/wp\/v2\/pages\/12547","targetHints":{"allow":["GET"]}}],"collection":[{"href":"https:\/\/skiclubpaysrochois.com\/blog\/wp-json\/wp\/v2\/pages"}],"about":[{"href":"https:\/\/skiclubpaysrochois.com\/blog\/wp-json\/wp\/v2\/types\/page"}],"author":[{"embeddable":true,"href":"https:\/\/skiclubpaysrochois.com\/blog\/wp-json\/wp\/v2\/users\/1"}],"replies":[{"embeddable":true,"href":"https:\/\/skiclubpaysrochois.com\/blog\/wp-json\/wp\/v2\/comments?post=12547"}],"version-history":[{"count":1,"href":"https:\/\/skiclubpaysrochois.com\/blog\/wp-json\/wp\/v2\/pages\/12547\/revisions"}],"predecessor-version":[{"id":12548,"href":"https:\/\/skiclubpaysrochois.com\/blog\/wp-json\/wp\/v2\/pages\/12547\/revisions\/12548"}],"wp:attachment":[{"href":"https:\/\/skiclubpaysrochois.com\/blog\/wp-json\/wp\/v2\/media?parent=12547"}],"curies":[{"name":"wp","href":"https:\/\/api.w.org\/{rel}","templated":true}]}}